 269. What is c(-15)?
2354
Let a(y) = -647*y + 86969. What is a(134)?
271
Let z(b) = -b**3 + 115*b**2 + 207*b + 3082. Give z(117).
-77
Let i(b) = 100*b**2 + 9820*b - 17970. Calculate i(-100).
30
Let j(g) = 74454*g + 19432485. Give j(-261).
-9
Let f(g) = -g**3 + 171*g**2 - 3540*g + 1759. Calculate f(147).
-5
Let f(l) = 2*l**3 + 115*l**2 - 269*l + 1870. Calculate f(-60).
10
Let i(c) = 2*c**3 + 707*c**2 - 3625*c + 138. Give i(5).
-62
Let j(r) = 590*r**2 - 27737*r + 310. What is j(47)?
-19
Let h(f) = -2*f**2 + 12382*f + 86786. Give h(-7).
14
Let z(t) = -t**3 - 49*t**2 - 613*t - 365. Calculate z(-26).
25
Let r(h) = 229*h + 21526. Give r(-94).
0
Let i(u) = 2*u**3 - 42*u**2 + 391*u - 8214. Determine i(21).
-3
Let i(r) = -459*r**2 + 267*r + 533. Calculate i(-2).
-1837
Let a(w) = 230*w - 4967. Calculate a(21).
-137
Let u(z) = z**2 - 4802*z - 95530. Calculate u(-20).
910
Let x(i) = i**3 + 139*i**2 - 491*i - 9187. Calculate x(-142).
43
Let m(y) = 5*y**3 + 76*y**2 + 14*y + 237. Give m(-16).
-1011
Let b(f) = 2872*f - 2418222. Calculate b(842).
2
Let x(t) = 1539*t + 10981. Give x(-10).
-4409
Let n(i) = -3*i**2 - 241*i - 242. Give n(-77).
528
Let k(j) = j**3 + 120*j**2 - 4944*j - 634691. What is k(-115)?
-6
Let t(s) = s**3 - 6*s**2 + 818*s + 3274. Determine t(-4).
-158
Let t(a) = 2*a**3 - 252*a**2 - 3299*a + 55. Give t(-12).
-101
Let u(i) = 5*i**3 - 58*i**2 - 103*i + 171. Calculate u(13).
15
Let i(t) = 1587*t - 604638. Calculate i(381).
9
Let k(h) = -10*h**2 - 33726*h - 235593. What is k(-7)?
-1
Let i(z) = 2*z**3 - 467*z**2 + 18871*z + 260. Calculate i(52).
0
Let l(k) = k**2 - 1141*k + 16900. Give l(15).
10
Let k(z) = -208*z**2 + 4376*z + 60. Calculate k(21).
228
Let j(q) = 41908*q - 294214. Determine j(7).
-858
Let a(r) = 20*r**2 + 436*r - 56. Give a(-22).
32
Let u(t) = t**2 + 30*t - 795. Calculate u(-51).
276
Let m(h) = -655*h - 2644. Determine m(-3).
-679
Let d(w) = 3715*w + 185758. Give d(-50).
8
Let i(s) = 19*s**3 - 248*s**2 - 5*s. Give i(13).
-234
Let y(p) = -p**3 - 860*p**2 - 1247*p + 402408. Calculate y(-858).
6
Let u(c) = 103397*c - 4342672. Give u(42).
2
Let h(z) = -z**2 - 1045*z - 237105. What is h(-333)?
-9
Let w(t) = 4299*t + 383803. Determine w(-89).
1192
Let l(h) = 535585*h + 4284678. Give l(-8).
-2
Let m(k) = -2*k**2 - 591*k + 25189. What is m(39)?
-902
Let f(q) = 2*q**3 + 1238*q**2 + 31*q + 19191. Give f(-619).
2
Let h(o) = -4*o**3 + 1167*o**2 - 604*o - 78287. Give h(291).
-8
Let r(f) = 18*f**2 + 31*f - 6580. Calculate r(-20).
0
Let v(u) = u**3 + 33*u**2 + 183*u + 21. Determine v(-26).
-5
Let w(s) = -1830*s - 7279. What is w(-4)?
41
Let w(j) = -18*j + 250. Give w(-17).
556
Let i(b) = b**3 - 54*b**2 + 158*b - 456. Give i(51).
-201
Let b(a) = -718*a**2 + 55404*a - 9088. Give b(77).
-2
Let f(d) = 2372*d - 6432. Calculate f(4).
3056
Let p(d) = -697157*d + 1394324. What is p(2)?
10
Let o(j) = j**3 + 257*j**2 - 6771*j + 646. Calculate o(24).
-2
Let t(f) = 36*f**3 + 4*f**2 + 17001*f + 16998. Determine t(-1).
-35
Let y(w) = w**3 + 23*w**2 + 17*w - 105. What is y(-22)?
5
Let p(c) = -2*c**2 + 223*c - 3470. Determine p(90).
400
Let a(c) = -34275*c + 856854. Determine a(25).
-21
Let c(n) = -456*n**2 + 2276*n - 11. Calculate c(5).
-31
Let q(v) = -3*v**2 - 2818*v + 144253. What is q(-988)?
5
Let t(m) = 1754*m - 12229. What is t(7)?
49
Let z(l) = -301*l + 74556. Calculate z(249).
-393
Let s(i) = 242*i**2 + 15*i + 2364. What is s(0)?
2364
Let v(t) = -31*t**2 - 188*t. Give v(-6).
12
Let u(t) = 2139950*t + 29959301. Give u(-14).
1
Let s(k) = 32*k**2 - 1770*k - 63207. Calculate s(80).
-7
Let y(t) = 7*t**2 - 481*t - 2618. Determine y(-5).
-38
Let h(z) = 12301*z + 172231. What is h(-14)?
17
Let n(s) = -403901*s + 6462427. Give n(16).
11
Let f(a) = -3*a**3 - 30*a**2 - 207*a - 2074. Calculate f(-10).
-4
Let s(p) = -402*p**2 + 423*p + 2328. Determine s(3).
-21
Let l(q) = 824*q - 23936. What is l(29)?
-40
Let d(w) = 4*w**2 - 55*w - 878. What is d(-14)?
676
Let l(n) = 3138*n**2 - 31374*n - 79. Calculate l(10).
-19
Let h(j) = j**3 + 119*j**2 - 8*j - 958. What is h(-119)?
-6
Let t(s) = s**3 + 50747*s**2 + 253711*s + 2. Calculate t(-5).
-3
Let v(n) = n**2 + 36*n - 83882. Determine v(272).
-106
Let g(s) = 277*s + 10746. Calculate g(-39).
-57
Let o(m) = 23*m - 209. Determine o(16).
159
Let k(b) = -4767*b - 5391471. What is k(-1131)?
6
Let u(d) = 18*d**2 - 916*d - 5517. What is u(-6)?
627
Let k(y) = -8000*y**2 - 880002*y - 226. What is k(-110)?
-6
Let y(o) = 43524*o - 261165. Calculate y(6).
-21
Let p(n) = 112*n + 8613. Determine p(-76).
101
Let g(h) = -11*h**2 + 472*h - 1184. What is g(40)?
96
Let z(x) = 15164*x - 197063. Determine z(13).
69
Let u(r) = r**2 + 192*r - 46853. What is u(141)?
100
Let u(w) = -66*w**2 - 24438*w - 6705. Calculate u(-370).
-45
Let c(y) = -1814*y**2 - 9065*y + 47. What is c(-5)?
22
Let b(h) = 8*h**2 - 11*h - 4614. Calculate b(27).
921
Let q(z) = -347*z + 1407. Give q(4).
19
Let c(l) = 177620*l + 1420959. Determine c(-8).
-1
Let s(x) = 3127*x + 90624. Calculate s(-29).
-59
Let z(l) = 12*l**2 + 36*l + 477. What is z(-16)?
2973
Let i(w) = -4*w**3 + 164*w**2 + 36*w - 985. What is i(41)?
491
Let t(b) = -96535*b - 579163. Determine t(-6).
47
Let g(h) = -18*h**3 - 120*h**2 + 1095*h - 974. Calculate g(1).
-17
Let l(h) = h**2 + 812*h - 23581. Determine l(28).
-61
Let c(m) = -202*m**2 + 487*m + 11. What is c(2)?
177
Let b(p) = 760*p - 26760. What is b(40)?
3640
Let k(z) = 5*z**3 + 1621*z**2 - 1307*z - 2278. Give k(-325).
-3
Let u(z) = -29198*z - 233557. Determine u(-8).
27
Let z(c) = -91763*c - 5322264. What is z(-58)?
-10
Let j(u) = 124*u + 7454. Give j(-67).
-854
Let k(i) = 20*i**2 + 272*i + 413. What is k(-13)?
257
Let k(i) = -3*i**2 - 6065*i - 206. Calculate k(0).
-206
Let q(p) = p**3 - 1823*p**2 + 12711*p - 16. Give q(7).
-23
Let n(q) = 291*q - 69069. Give n(237).
-102
Let x(y) = -y**3 + 18*y**2 - 79*y - 67. Calculate x(8).
-59
Let k(h) = -h**3 + 287*h**2 + 3060*h - 26748. Calculate k(297).
-18
Let t(q) = -2546*q - 20705. Give t(-8).
-337
Let d(s) = -3906*s + 35147. Give d(9).
-7
Let i(t) = 1709*t + 15250. Calculate i(-9).
-131
Let w(g) = 7*g**3 + 251*g**2 - 34*g + 37. Give w(-36).
-35
Let u(d) = -1042*d + 94279. What is u(91)?
-543
Let r(j) = -1692*j - 9922. Give r(-6).
230
Let t(o) = 3*o**2 - 316*o + 6838. What is t(75)?
13
Let x(i) = -13*i**2 - 322*i - 503. Calculate x(-23).
26
Let s(o) = o**2 - 491*o + 8570. What is s(19)?
-398
Let z(p) = -2307989*p - 13847927. Determine z(-6).
7
Let d(s) = 9*s**3 + s**2 - 246*s - 1367. Calculate d(-6).
-1799
Let o(m) = -894552*m - 6261848. Give o(-7).
16
Let j(b) = -6*b**3 - 3100*b**2 - 341213*b + 163. Determine j(-159).
4
Let l(z) = z**2 + 1299*z + 16859. Give l(-13).
141
Let x(t) = -t**2 + 143*t + 33415. Give x(-128).
-1273
Let o(w) = -3*w**3 - 18*w**2 + 223*w + 1352. Give o(-6).
14
Let l(q) = q**3 - 94*q**2 - 28*q + 2573. Give l(94).
-59
Let k(t) = -43*t**2 + 96*t - 78. Determine k(3).
-177
Let l(n) = -32*n**2 - 50*n + 48. What is l(0)?
48
Let s(l) = 2*l**3 + 100*l**2 + 97*l + 290. Calculate s(-49).
339
Let n(f) = 3*f**3 + 108*f**2 + 90*f + 3208. What is n(-36)?
-32
Let x(n) = -2723*n - 950316. Determine x(-349).
11
Let n(l) = l**3 + 13*l**2 - 326*l + 1190. Determine n(5).
10
Let o(j) = j**2 - 82*j + 1558. Give o(50).
-42
Let l(p) = -4593*p + 55105. Determine l(12).
-11
Let i(k) = 5791*k**2 - 23152*k - 175. Give i(4).
-127
Let d(i) = 34*i**2 - 1362*i + 24. Give d(40).
-56
Let m(t) = -1057*t**3 + 6339*t**2 + 47*t - 164. Determine m(6).
10
Let c(g) = 3*g**3 + 156*g**2 + 310*g + 481. Give c(-50).
-19
Let t(v) = 10*v**2 - 869*v - 2787. What is t(90)?
3
Let a(i) = -2432*i - 29277. What is a(-12)?
-93
Let y(r) = r**2 - 8258*r - 524225. Give y(-63).
-2
Let f(c) = -2*c**2 - 8547*c + 94267. What is f(11)?
8
Let d(o) = 10*o**2 - 3280*o - 20149. Calculate d(334).
-109
Let h(z) = -65899*z + 3097253. Give h(47).
0
Let q(y) = y**2 + 161*y + 1751. Determine q(-12).
-37
Let t(c) = 320*c + 136. What is t(1)?
456
Let h(z) = -24*z**2 + 45*z + 58. What is h(8)?
-1118
Let d(z) = -4*z**2 + 22068*z + 220667. What is d(-10)?
-413
Let q(k) = 23261*k + 418613. Calculate q(-18).
-85
Let v(z) = 62*z**3 - 314*z**2 - 8*z + 19. Give v(5).
-121
Let b(d) = -12*d**3 - 341*d**2 - 94*d + 1286. Give b(-28).
-2
Let b(y) = 84*y + 12237. Calcul